{"id":98,"date":"2019-12-18T17:01:28","date_gmt":"2019-12-18T17:01:28","guid":{"rendered":"https:\/\/mainemaritime.edu\/alumni\/?page_id=98"},"modified":"2022-04-12T14:52:50","modified_gmt":"2022-04-12T14:52:50","slug":"benefits-and-services","status":"publish","type":"page","link":"https:\/\/mainemaritime.edu\/alumni\/benefits-and-services\/","title":{"rendered":"Benefits and Services"},"content":{"rendered":"<div class=\"contentareaText\">\nAs a life-long member of the Alumni Association, you are welcome to a number of benefits and services at Maine Maritime Academy.<\/p>\n<h3>Benefits include:<\/h3>\n<ul>\n<li>Invitations to area events and activities.<\/li>\n<li>Staying in touch with what is happening on campus and with classmates through the Mariner magazine and Shipmate e-newsletter.<\/li>\n<li>Professional support through our <a href=\"https:\/\/mainemaritime.edu\/academics\/academic-services\/career-services\/\">Career Services Office<\/a>. \u00a0The Career Center is available to students and alumni as a tool to search for jobs, post r\u00e9sum\u00e9s, and utilize a vast library of employment resources. Employers may also post jobs and search r\u00e9sum\u00e9s.<\/li>\n<li>Discounted tuition for enrollment in the Loeb-Sullivan School of Business &amp; Logistics <a href=\"https:\/\/mainemaritime.edu\/academics\/graduate-programs\/\">graduate programs.<\/a><\/li>\n<li>Use of the Wyman House, home of MMA\u2019s Alumni Association and the Advancement Department. This newly renovated building is available for meetings, cookouts, and other special events. For more information or to reserve the space, please contact the <a href=\"mailto:alumni@mma.edu\">Alumni Relations<\/a> office at 207-326-2337.<\/li>\n<p> \t<!--\n\n<li>Travel opportunities through the Maine Maritime Academy Alumni Association <a href=\"https:\/\/mainemaritime.edu\/alumni\/benefits-and-services\/travel-program\/\">Travel Program.<\/a><\/li>\n\n-->\n<\/ul>\n<h3>Services include:<\/h3>\n<ul>\n<li>Secure academic transcripts, provided by the <a href=\"https:\/\/mainemaritime.edu\/academics\/academic-services\/registrars-office\/\">Registrar\u2019s Office<\/a>. A fee is required for this service.<\/li>\n<li>Professional Development opportunities through Maine Maritime Academy\u2019s <a href=\"https:\/\/mainemaritime.edu\/continuing-education\/\">Center for Professional Mariner Development.<\/a><\/li>\n<li><a href=\"https:\/\/mainemaritime.edu\/alumni\/alumni-event-ideas\/\">Assist in Area Event Planning<\/a>\n<li>On-campus Conference and Event Services support. The <a href=\"https:\/\/mainemaritime.edu\/about-mma\/conference-services\/\">Office of Conference Services<\/a> specializes in banquets, conferences, meetings, retreats and youth camps, and can coordinate day or overnight events in Castine. Alumni are also welcome to stay in Leavitt Hall guest rooms. For costs and availability, please contact <a href=\"mailto: rachael.cotoni@mma.edu\">Rachael Cotoni<\/a> at 207-326-2283.<\/li>\n<li>The latest in MMA apparel, swag, and gifts at the<a href=\"https:\/\/www.bkstr.com\/mainemaritimestore\/home\"> MMA Bookstore.<\/a><\/li>\n<\/ul>\n<\/div>\n","protected":false},"excerpt":{"rendered":"<p>As a life-long member of the Alumni Association, you are welcome to a number of benefits and services at Maine Maritime Academy. Benefits include: Invitations to area events and activities. Staying in touch with what is happening on campus and with classmates through the Mariner magazine and Shipmate e-newsletter. Professional support through our Career Services [&hellip;]<\/p>\n<a href=\"https:\/\/mainemaritime.edu\/alumni\/benefits-and-services\/\"> Read More...<\/a>","protected":false},"author":1,"featured_media":0,"parent":0,"menu_order":29,"comment_status":"closed","ping_status":"closed","template":"","meta":{"footnotes":""},"class_list":["post-98","page","type-page","status-publish","hentry"],"yoast_head":"<!-- This site is optimized with the Yoast SEO plugin v25.8 - https:\/\/yoast.com\/wordpress\/plugins\/seo\/ -->\r\n<title>Benefits and Services - Alumni<\/title>\r\n<meta name=\"robots\" content=\"index, follow, max-snippet:-1, max-image-preview:large, max-video-preview:-1\" \/>\r\n<link rel=\"canonical\" href=\"https:\/\/mainemaritime.edu\/alumni\/benefits-and-services\/\" \/>\r\n<meta property=\"og:locale\" content=\"en_US\" \/>\r\n<meta property=\"og:type\" content=\"article\" \/>\r\n<meta property=\"og:title\" content=\"Benefits and Services - Alumni\" \/>\r\n<meta property=\"og:description\" content=\"As a life-long member of the Alumni Association, you are welcome to a number of benefits and services at Maine Maritime Academy. Benefits include: Invitations to area events and activities. Staying in touch with what is happening on campus and with classmates through the Mariner magazine and Shipmate e-newsletter. Professional support through our Career Services [&hellip;]\" \/>\r\n<meta property=\"og:url\" content=\"https:\/\/mainemaritime.edu\/alumni\/benefits-and-services\/\" \/>\r\n<meta property=\"og:site_name\" content=\"Alumni\" \/>\r\n<meta property=\"article:modified_time\" content=\"2022-04-12T14:52:50+00:00\" \/>\r\n<meta name=\"twitter:card\" content=\"summary_large_image\" \/>\r\n<meta name=\"twitter:label1\" content=\"Est. reading time\" \/>\n\t<meta name=\"twitter:data1\" content=\"1 minute\" \/>\r\n<script type=\"application\/ld+json\" class=\"yoast-schema-graph\">{\"@context\":\"https:\/\/schema.org\",\"@graph\":[{\"@type\":\"WebPage\",\"@id\":\"https:\/\/mainemaritime.edu\/alumni\/benefits-and-services\/\",\"url\":\"https:\/\/mainemaritime.edu\/alumni\/benefits-and-services\/\",\"name\":\"Benefits and Services - Alumni\",\"isPartOf\":{\"@id\":\"https:\/\/mainemaritime.edu\/alumni\/#website\"},\"datePublished\":\"2019-12-18T17:01:28+00:00\",\"dateModified\":\"2022-04-12T14:52:50+00:00\",\"breadcrumb\":{\"@id\":\"https:\/\/mainemaritime.edu\/alumni\/benefits-and-services\/#breadcrumb\"},\"inLanguage\":\"en-US\",\"potentialAction\":[{\"@type\":\"ReadAction\",\"target\":[\"https:\/\/mainemaritime.edu\/alumni\/benefits-and-services\/\"]}]},{\"@type\":\"BreadcrumbList\",\"@id\":\"https:\/\/mainemaritime.edu\/alumni\/benefits-and-services\/#breadcrumb\",\"itemListElement\":[{\"@type\":\"ListItem\",\"position\":1,\"name\":\"Home\",\"item\":\"https:\/\/mainemaritime.edu\/alumni\/\"},{\"@type\":\"ListItem\",\"position\":2,\"name\":\"Benefits and Services\"}]},{\"@type\":\"WebSite\",\"@id\":\"https:\/\/mainemaritime.edu\/alumni\/#website\",\"url\":\"https:\/\/mainemaritime.edu\/alumni\/\",\"name\":\"Alumni\",\"description\":\"\",\"potentialAction\":[{\"@type\":\"SearchAction\",\"target\":{\"@type\":\"EntryPoint\",\"urlTemplate\":\"https:\/\/mainemaritime.edu\/alumni\/?s={search_term_string}\"},\"query-input\":{\"@type\":\"PropertyValueSpecification\",\"valueRequired\":true,\"valueName\":\"search_term_string\"}}],\"inLanguage\":\"en-US\"}]}<\/script>\r\n<!-- \/ Yoast SEO plugin. -->","yoast_head_json":{"title":"Benefits and Services - Alumni","robots":{"index":"index","follow":"follow","max-snippet":"max-snippet:-1","max-image-preview":"max-image-preview:large","max-video-preview":"max-video-preview:-1"},"canonical":"https:\/\/mainemaritime.edu\/alumni\/benefits-and-services\/","og_locale":"en_US","og_type":"article","og_title":"Benefits and Services - Alumni","og_description":"As a life-long member of the Alumni Association, you are welcome to a number of benefits and services at Maine Maritime Academy. Benefits include: Invitations to area events and activities. Staying in touch with what is happening on campus and with classmates through the Mariner magazine and Shipmate e-newsletter. Professional support through our Career Services [&hellip;]","og_url":"https:\/\/mainemaritime.edu\/alumni\/benefits-and-services\/","og_site_name":"Alumni","article_modified_time":"2022-04-12T14:52:50+00:00","twitter_card":"summary_large_image","twitter_misc":{"Est. reading time":"1 minute"},"schema":{"@context":"https:\/\/schema.org","@graph":[{"@type":"WebPage","@id":"https:\/\/mainemaritime.edu\/alumni\/benefits-and-services\/","url":"https:\/\/mainemaritime.edu\/alumni\/benefits-and-services\/","name":"Benefits and Services - Alumni","isPartOf":{"@id":"https:\/\/mainemaritime.edu\/alumni\/#website"},"datePublished":"2019-12-18T17:01:28+00:00","dateModified":"2022-04-12T14:52:50+00:00","breadcrumb":{"@id":"https:\/\/mainemaritime.edu\/alumni\/benefits-and-services\/#breadcrumb"},"inLanguage":"en-US","potentialAction":[{"@type":"ReadAction","target":["https:\/\/mainemaritime.edu\/alumni\/benefits-and-services\/"]}]},{"@type":"BreadcrumbList","@id":"https:\/\/mainemaritime.edu\/alumni\/benefits-and-services\/#breadcrumb","itemListElement":[{"@type":"ListItem","position":1,"name":"Home","item":"https:\/\/mainemaritime.edu\/alumni\/"},{"@type":"ListItem","position":2,"name":"Benefits and Services"}]},{"@type":"WebSite","@id":"https:\/\/mainemaritime.edu\/alumni\/#website","url":"https:\/\/mainemaritime.edu\/alumni\/","name":"Alumni","description":"","potentialAction":[{"@type":"SearchAction","target":{"@type":"EntryPoint","urlTemplate":"https:\/\/mainemaritime.edu\/alumni\/?s={search_term_string}"},"query-input":{"@type":"PropertyValueSpecification","valueRequired":true,"valueName":"search_term_string"}}],"inLanguage":"en-US"}]}},"_links":{"self":[{"href":"https:\/\/mainemaritime.edu\/alumni\/wp-json\/wp\/v2\/pages\/98","targetHints":{"allow":["GET"]}}],"collection":[{"href":"https:\/\/mainemaritime.edu\/alumni\/wp-json\/wp\/v2\/pages"}],"about":[{"href":"https:\/\/mainemaritime.edu\/alumni\/wp-json\/wp\/v2\/types\/page"}],"author":[{"embeddable":true,"href":"https:\/\/mainemaritime.edu\/alumni\/wp-json\/wp\/v2\/users\/1"}],"replies":[{"embeddable":true,"href":"https:\/\/mainemaritime.edu\/alumni\/wp-json\/wp\/v2\/comments?post=98"}],"version-history":[{"count":21,"href":"https:\/\/mainemaritime.edu\/alumni\/wp-json\/wp\/v2\/pages\/98\/revisions"}],"predecessor-version":[{"id":6392,"href":"https:\/\/mainemaritime.edu\/alumni\/wp-json\/wp\/v2\/pages\/98\/revisions\/6392"}],"wp:attachment":[{"href":"https:\/\/mainemaritime.edu\/alumni\/wp-json\/wp\/v2\/media?parent=98"}],"curies":[{"name":"wp","href":"https:\/\/api.w.org\/{rel}","templated":true}]}}